4 - (121 + -79 - -121)
-79
What is 23 + (6 - 15) - (26 - (9 - 14))?
-17
Evaluate -3 - 13 - (2 + -18 + -6).
6
-48 - 1 - (-32 - (-70 - -64))
-23
Evaluate -35 - ((0 - 11) + 25 + (-5 - (-3 + 25))).
-22
10 + -5 + (6 - 18)
-7
-4 - -82 - (-16 - 3 - (48 + 40 + -108))
77
134 - ((-765 - -817) + (-40 - -1))
121
What is -87 + 109 + 86 + -214?
-106
(-26 + 11 - -22) + 13 - -39 - -12
71
Calculate 14 + -1 + -22 + 27 + -18 - -37.
37
65 - (24 - 49 - -52)
38
-28 - (-1 + 1 + -1862 + 1878)
-44
Calculate -7 - -3 - (-30 - (-48 + 16)) - (1 - 6).
-1
What is 95 - (4 + 1 - -29)?
61
Evaluate (5 - -13) + -14 - (-1 - 2 - (-30 + -2)).
-25
Calculate (-42 + -12 - -41) + (3 + (1 - 5) - 31).
-45
29 + 64 + -28 - 63 - (10 + 1)
-9
What is 2 - -1 - ((-11 - -7) + (-5 - -17) + 14)?
-19
32 + 19 - 52 - 39
-40
-5 - (-48 + (9 - -19)) - -14
29
What is (-67 - 26) + 34 - -49?
-10
Evaluate 58 - (-39 - -70) - (4 - (0 + 2 - -3)).
28
Evaluate -3 - -2 - 0 - ((-17 - (5 + -11)) + -20).
30
Evaluate -186 + 35 - -67 - -38.
-46
13 - -32 - ((11 - 0) + -3)
37
What is the value of (45 + -16 - 52) + -15 - 24?
-62
What is 181 - (205 - (130 + 21))?
127
Calculate -61 + (122 - 8) + -77.
-24
What is 43 + (59 - (-15 + 53 - 74))?
138
Calculate 42 - (-15 + 51) - (1 - (3 - 17)).
-9
What is the value of -101 + 0 + (75 - 91) + 41?
-76
-3 - 71 - (-874 - -714)
86
What is the value of 95 + (58 - (66 + 34))?
53
Calculate -359 - -376 - (-1 + -5 - (-27 + 2)).
-2
-40 + (52 - 26) - (6 + -6 + -10)
-4
13 - (23 + 1 - ((-117 - -163) + -32))
3
Evaluate 3 + 0 - (11 + -4 + 6 - -4).
-14
What is the value of 5 + 2 + -24 + (5 - ((8 - 9) + 17))?
-28
Calculate -67 - (0 + (26 - 1) + -21).
-71
Evaluate (-2 + -9 - (2 + -27 + -6)) + (3 - 1).
22
What is (-78 - 1) + (-1903 - -1921)?
-61
Evaluate (-17 - -29 - (4 + -4 - (-9 + 3))) + 19.
25
What is 3 + -12 - (73 - (-57 + 22))?
-117
What is the value of 27 + -105 + 85 + -67?
-60
Evaluate 9 - 19 - 22 - (-67 - -46).
-11
What is the value of (-27 - -54) + (19 - 10) + 29?
65
What is -6 - ((1 - -5) + -3 + -4 + -3)?
-2
What is (-49 - (-1 + 8 + (-27 - -19))) + 10?
-38
What is 88 - (101 + 126) - (2 + -1)?
-140
What is -11 + 0 - (-110 + 100 + (19 - 54))?
34
9 + (5 + 7 - 17 - (7 - 129))
126
-12 - (-7 - (-14 - 23))
-42
Calculate (23 + -27 - -3) + 22.
21
Calculate (-41 + 44 - 6) + (0 - (5 + -3)) + -83.
-88
What is -15 - (25 + (9 - 9) + -18 - -108)?
-130
72 + -2 + 3 - (-6 + -7 + (5 - 4))
85
Calculate -36 + (-37 - (-38 + (-9 - -49))).
-75
-17 + (20 + -1 - (39 + -64))
27
Evaluate -3 - 41 - (96 + -123) - (4 - (-3 + 14)).
-10
What is the value of 18 + ((-13 - 2) + 17 - 2)?
18
Calculate (35 - -17 - 49) + -33.
-30
What is 13 - (5 - -34) - (2 + 2)?
-30
What is -1 + (22 - 1) - (157 - 177)?
40
Evaluate -26 + (-23 + 9 + -3 - (5 - (9 + 0))).
-39
What is the value of -1 + (5 + 1 - (5 + -14)) + -4?
10
Evaluate 55 - (64 - -16) - -54.
29
What is -8 - (39 + -44 + (11 - (-1 - -1)))?
-14
What is 8 + (5 - (7 + 44)) + 1?
-37
What is the value of 1 - 43 - (-505 + 502)?
-39
Evaluate -44 + (5 - (0 + 2)) + -61 + 42 + 15.
-45
What is -9 + -4 - (18 - (6 - (13 - -6)))?
-44
Evaluate (129 + -47 - 114) + -95.
-127
What is the value of -6 - (-4 + (0 - -6) - (-58 + 23))?
-43
-9 + -67 + (14 - (0 + (3 - -1)))
-66
What is the value of -34 - (17 + -36) - (0 + -17)?
2
Evaluate (5861 - 5895) + 50 + -1 + 3.
18
-1 + 27 + -16 + 23 - -11
44
(-11 - (48 + 6)) + (14 - 2 - (-40 + 47))
-60
-1 + -43 - 2 - (-10 - -15 - (-10 - -21))
-40
Calculate (-3 - 4 - (-4 + -2 + 5 - 59)) + -2.
51
What is the value of -38 + (-90 - -44 - -58)?
-26
Evaluate (-56 - -35) + (1 - -1) + -11 + (8 - 14).
-36
124 + (59 - (-94 + 194))
83
16 + 1 + -87 + 109
39
Evaluate 35 + -34 + 12 - (-29 + (0 - 0)).
42
Calculate (2 + -10 - (-85 - -80) - -9) + -7 + -13.
-14
What is -31 + -58 + 82 - (1 + -6)?
-2
11 + 2 + (8 - (14 + -28) - 26)
9
What is -87 + 42 - -64 - (0 + (-65 - 4))?
88
Calculate 46 - (4 - -46) - 37.
-41
Evaluate 24 + 24 + (-36 - 5) - (0 - 16).
23
What is the value of 19 + (-1 - -2 - (1 - 19))?
38
Evaluate -11 - (-16 + -4 + 3 + 19 + -1 + -65).
53
Calculate -4 + (-8 - (-3 + 2 - (48 + -140)) - 14).
-117
Calculate (-12 - (-2 + 8 + -13 + 2)) + 9.
2
Evaluate 21 + 8 + (-87 - -32).
-26
What is the value of -92 + (-34 + (24 - (5 + 6)) - -3)?
-110
58 + -49 - (1 + -5) - 22
-9
What is 56 + -11 - (-184 + 194)?
35
What is (7 - ((22 - 8) + -9) - (-27 - -38)) + 65?
56
Evaluate (1106 - 1073) + (-68 - -2) - 99.
-132
-2308 - -2307 - (0 + 33)
-34
4 + -5 + 0 + (-63 - -137 - 85)
-12
31 + 52 + (25 - (39 + -12))
81
What is (62 - 11) + 2 + -90?
-37
-1514 - -1528 - ((-1 - -56) + 8 + -10)
-39
What is 6 + (-7 - (0 - -1)) + (17 - (-83 - -35))?
63
4615 - 4584 - (-2 + 2 - -8)
23
-3 + (31 - (12 + 19)) + -1 + -1 + 41
36
-2 + -15 - (-267 + 300)
-50
What is the value of -21 + 10 + (-9 + (4 - -2) - (6 - 0))?
-20
Calculate (-3 + -15 - -3) + (8 - (-3 + 7) - 9).
-20
Evaluate -6 - (3 + (1 - 13 - 2) + 100).
-95
Evaluate 66 + (66 - 47) + -81.
4
Calculate -2 - (-14 - (17 + -26 - -12)).
15
31 - (39 + -11) - (16 + (0 - 9 - -5))
-9
What is the value of (39 - -3) + -1 - (72 + -96 - -27)?
38
-97 + (1 - -2) - (11 + -24 + 1 + 6)
-88
What is 2 - (-1 + -52) - (-11 + -60 + 66)?
60
11 + (5 + 2 - (-19 - -10 - -30)) + 29
26
What is the value of 30 + 73 + -60 + (-39 - -1)?
5
What is the value of 135 - (-32 + 213) - -97?
51
What is -171 + (-26 - -141) - 74?
-130
Calculate 41 - (0 + -34 - (1230 - 1364)).
-59
What is -12 - 0 - (-1 - 1 - (-5 - -9)) - 62?
-68
-5644 - -5711 - (0 - -48)
19
Calculate (-2 - -58) + (-21 - (18 - 17 - 12) - 4).
42
Calculate -9 + -134 - (235 + -454).
76
(1 - -36) + 1408 + -1421 + (-2 - 16)
6
Evaluate 12 + (16 - 2 - (-178 - -189)).
15
56 + -49 + 118 - 112
13
Calculate -4 + 2 - (-2233 - -2308).
-77
-29 + 83 + -83 + -5 + 3
-31
What is -37 + -57 + (0 - -1 - (-2 - -1) - 3)?
-95
Evaluate -5 + 2 + -25 - 8 - -12.
-24
21 + 141 + -150 - (0 + 20 - 0)
-8
What is (20 - -14) + -20 + -4 + -1?
9
What is the value of -5 - -2 - (-21 - (46 - 4))?
60
What is (10 - ((-10 - 0) + 6)) + (13 - -17)?
44
-57 + (-10 - -36 - 10) + 15
-26
Calculate (-1 - -13) + -4 + (19 - 32) + (-23 - 75).
-103
Calculate -14 + (-1 - -3) + -1422 + 1441.
7
What is the value of 47 + 0 - (-1 + -36 + 26) - (0 - 0)?
58
Evaluate -20 - -10 - (-11 + 0 + 16) - -55.
40
(55 - 86 - -53) + 24
46
What is 11 + -50 + (3 - 9) + (-3 - -3)?
-45
What is 44 + -14 + -41 + -13?
-24
Evaluate -1 + 9 - (-13 - (12 + -25)) - -6.
14
What is the value of -33 + 16 + -25 + 65?
23
Evaluate (-15 - -43) + -15 - 15 - -16.
14
What is (-37 - 47) + 26 - (1 + 9)?
-68
What is the value of -35 + (28 - (-41 + 45))?
-11
What is 1 + 91 + 999 + -1022?
69
Calculate 26 - 38 - -13 - (0 + 2 + -3).
2
Calculate -18 - (-97 + 63 + (16 - -3)).
-3
What is the value of -83 + -22 + (-9 - -10) + 1 - 2?
-105
-64 + 2 + -8 - (-54 + 52)
-68
(25 - 89) + 50 + 46
32
Evaluate 5 + -14 + (4 - 26).
-31
What is the value of -3 + -40 + -3 + 24 + (20 - 4)?
-6
Evaluate (-60 - 3) + 35 + -11 + -24 + 4.
-59
Calculate -48 - (8 - (9 + (10 - ((9 - 0) + -11)))).
-35
What is the value of (-33076 - -33066) + (17 - (1 + 0 + 0))?
6
What is (41 - 118 - 9) + 78?
-8
-31 + (-37 - (-25 + -25 + 28))
-46
What is the value of -34 - (12 + (-15 - -6) + 0)?
-37
6 - (-17 + 29) - -8 - (-1 - (29 - 2))
30
What is the value of (5 - -1 - (-12 + 21 + (1 - 1))) + 77?
74
What is 38 + (0 - 1) - ((35 - 4) + -13 + -13)?
32
Calculate (177 + -35 - 38) + -13.
91
Evaluate (2 - (-2 + -6)) + (136 - (18 + -48 + 59)).
117
Calculate 53 - (27 + (35 - (91 - 29))).
53
Evaluate (-14 - (3 + 1 - 6)) + 10 - (2 + -59).
55
What is 6 - (-44 - -36 - (-4 - -2)) - 65?
-53
What is 188 - 209 - (-46 + -2 + -16 + 8)?
35
Evaluate -9 + (6 - -7 - (9 + 4)) + 4 + -5.
-10
What is the value of -48 - (-16 - (88 + 25))?
81
What is the value of 5 + 86 + (-25 - -33 - (-2 + 10 - 5))?
96
What is the value of (4 - 2) + 5 - (26 + (-49 - -34))?
-4
What is 8 + -2 + 5977 + -5986?
-3
Calculate -38 + 0 - (-16 + 32 + -19 - (-1 - -1)).
-35
What is 787 + -821 + (15 + -1 - 3)?
-23
What is the value of 20 + -29 + 12 - 19 - 38?
-54
Evaluate -69 + (15 - 2 - (0 - -13)) - (-5 + 5).
-69
What is 50 + 32 + -20 + -50?
12
What is (-38 - -1) + (268 - 246) - 2?
-17
Calculate 65 + -74 - (0 - 13) - -24.
28
What is the value of -3 + 5 + (-18 - -9) + -9 + (-10 - 20)?
-46
-24 - (-6 + 11 + -15)
-14
Calculate -25 - ((262 - 51) + 